. Let v(i) = -4*c(i) - 5*y(i). Let f = -23 - -12. Let s = -7 - f. What is v(s)?
0
Let w(d) = -d - 5. Suppose 2*m = -m + 6. Let y be m + (2 + -1)*-6. Give w(y).
-1
Let r(y) = 5*y**3 - y**2 - y - 2. Let d(t) = t**3 - t**2. Let l(s) = -6*d(s) + r(s). Determine l(4).
10
Suppose -6*m + 5*m = 0. Let w(j) = -j**3 + j + 0*j**2 - 4 - 2*j + j**2. Determine w(m).
-4
Let h(n) = -n**3 + 0*n**3 - 7 - 9*n**2 + 2*n**3 + 9*n - 3*n. Let m(p) = 2*p**3 - 19*p**2 + 13*p - 15. Let c(j) = 13*h(j) - 6*m(j). Determine c(2).
-5
Let k(i) = -3*i**2 - i**3 + 22*i - 21*i - 1 + 3*i**2. Let y(o) = -5*o**3 + 4*o**2 + 4*o - 5. Let f(b) = 6*k(b) - y(b). Give f(-5).
14
Let n = -6 + 10. Let v(t) = -8 + t + 1 + 2. What is v(n)?
-1
Let x(d) = 43 - 26 - 26 - d. Give x(-4).
-5
Let j = 4 - 1. Let l(d) = -10*d**3 - 3*d**2 + 4*d + 2. Let r(q) = q**2 - q - 1. Let y(t) = j*r(t) + l(t). What is y(1)?
-10
Let q = 17 - 11. Let f(l) = l**3 - 9*l**2 - 11*l + 14. Let g be f(10). Let r(u) = -2 - g + 2 + u. Calculate r(q).
2
Let r(w) = -w - 4. Suppose 0 = -5*h - h - 12. Give r(h).
-2
Suppose 8*i = -22 - 10. Let g(k) = k**3 + 4*k**2 + 3. Calculate g(i).
3
Let b(j) be the second derivative of j**5/20 - j**4/6 - 2*j**3/3 - 36*j. Determine b(3).
-3
Let l(b) be the third derivative of 1/15*b**5 - 1/6*b**3 - 7*b**2 + 0 + 0*b - 1/120*b**6 - 1/6*b**4. Let n be (-4)/(-14) + 19/7. Give l(n).
-4
Suppose -4*c = -2*c + 4*g - 6, 5*c = 5*g + 15. Let s(p) = -1 + p + p + 3 - c. Give s(2).
3
Suppose 0 = h + b - 10, -3*h + b + 3*b - 5 = 0. Let s(o) be the first derivative of o**4/4 - 2*o**3 + 3*o**2 - 7*o + 1. What is s(h)?
-2
Let f(w) be the third derivative of w**7/5040 - w**6/120 - w**5/30 - w**2. Let j(k) be the third derivative of f(k). What is j(5)?
-1
Let t(a) = a + 5. Let p be 4/3*39/26. Let n(q) = -2*q**2 - q + 4. Let l be n(p). Give t(l).
-1
Let s(q) = -q**3 + 3*q**2 - 2*q + 4. Let d be s(3). Let j = 1 - d. Let a be (-1)/(j + -4) - -2. Let y(c) = c**3 - 4*c**2 + 3*c + 1. Give y(a).
1
Let c = 0 - -6. Let t(o) be the second derivative of o**3/3 - 7*o**2/2 + 16*o. What is t(c)?
5
Let d(n) = 3*n**2 - 6*n - 2. Suppose 3*a + 2 = -b + 5, b = 2*a + 3. Let u = a - -4. Let p(f) = -4*f**2 + 6*f + 2. Let t(l) = u*p(l) + 5*d(l). Determine t(-4).
6
Let h(r) = 4*r - 2. Let j = -25 - -28. Determine h(j).
10
Suppose 4*j - 12 + 8 = 0. Let q(n) = -8*n**3 + n**2 + 4*n - 4. Let m(h) = 16*h**3 - 2*h**2 - 7*h + 7. Let b(t) = 3*m(t) + 5*q(t). Calculate b(j).
7
Let m(z) = 7*z**2 - 1. Suppose -2*p = -3 - 1. Let o = 3 - p. What is m(o)?
6
Let n(b) = 4 + 3*b + 3 - 4. Let l = -3 - -5. Suppose -l*a + 0 = 4. Calculate n(a).
-3
Let t(x) be the third derivative of -3*x**2 - 1/60*x**5 + 1/12*x**4 + 0 + 1/3*x**3 + 0*x. Calculate t(3).
-1
Let v(o) = 5*o - 1. Let z be ((-5)/3)/(2/18). Let d be 5*(-1 + (-9)/z). Let t be (0 - (d + 1)) + 0. What is v(t)?
4
Let b(y) = 3*y + 8. Let q(s) = -4*s - 9. Let g(l) = -3*b(l) - 2*q(l). Give g(-5).
-1
Suppose -x - 3*b - 12 = -7*b, -2*x + b = 3. Suppose 4*i = -x*i + 4. Let h(l) = -4*l + 0*l + 2 - i. Give h(1).
-3
Let h = 3 + -6. Let p(q) = 1 + 2 + 2*q - 2. Calculate p(h).
-5
Let q(l) = l**3 - 4*l**2 + 2. Let b(z) = -4*z**3 + 2*z**2 + 2*z + 1. Let r be (-3)/4 - (-1)/(-4). Let k be b(r). Let t = k - 2. What is q(t)?
-7
Let b = 2 + 0. Suppose 0 = k + b*k + 6. Let o(a) = a**3 + a**2 + a + 1. Give o(k).
-5
Let i(o) = -o + 1. Let m(j) = 2*j + 4. Let y be m(5). Let f = -11 + y. Determine i(f).
-2
Let c = 20 - 21. Let x(h) = -7*h. What is x(c)?
7
Suppose 3*d = -2*h + 1, 2*d - 4*h = 3*d + 13. Let p(b) = b**3 - d*b**2 + b**2 - 3 + 4*b - 3*b**2. Let m = 2 - -2. Give p(m).
-3
Suppose -4*t + 10 = -2*t. Let i = 6 - t. Let f(a) = -5*a + 1. Determine f(i).
-4
Suppose 3*r - 8 = -r. Let t = r + 3. Let d(o) = o - 1. Let m(y) = y. Let u(k) = -7*d(k) + 6*m(k). Determine u(t).
2
Let x(h) = -2*h**2 - 4*h + 2. Suppose -6 = 3*s + 6. What is x(s)?
-14
Let k(s) = 2*s**2 + 2*s - 2. Let g be k(-2). Let w(z) = z**2 - z. Let y(x) = 3*x**2 - 5*x + 2. Let u(j) = -6*w(j) + y(j). Calculate u(g).
-8
Let o(p) = -9*p + 2 - 16 + 14. Give o(1).
-9
Let x(c) be the third derivative of -c**4/24 + c**3/6 + c**2. Suppose 12*o - 3 = 9*o. Suppose 4*g = 3*g + o. Calculate x(g).
0
Let v(k) = -5*k**2 + 23*k + 3. Let q(r) = 2*r**2 - 8*r - 1. Let a(z) = -8*q(z) - 3*v(z). Calculate a(-4).
3
Let k(d) = 2*d**2 + 10*d. Let v be k(-5). Let p be ((-2)/(-2) + 0)*1. Let b(x) = -1 - p + 4 - x. What is b(v)?
2
Suppose 5*a = -4*x + 41, -3*a - 5*x + 12 = -23. Suppose -5*v + 10 = -a. Let w(g) = g**2 - 3*g - 3. Determine w(v).
-3
Let a(v) be the first derivative of -3*v**4/4 + 4*v**3/3 - 2*v**2 + 2*v + 2. What is a(2)?
-14
Let s(d) = 3*d - 6. Let q(g) = g**3 + 10*g**2 + 10*g + 13. Let o be q(-9). Calculate s(o).
6
Let w(u) = u**3 + 3*u**2 - 3*u - 1. Let k(c) = -c + 7. Let z be k(10). What is w(z)?
8
Let k(o) be the third derivative of 11*o**4/24 + o**3/6 - 3*o**2. Calculate k(1).
12
Let z(c) = -7*c**2 - 6*c + 5. Let i(f) = -f**2 - f + 1. Let s(b) = 6*i(b) - z(b). Give s(0).
1
Let o(d) = -4*d**2 + 2*d - 5. Let y(b) = 9*b**2 - 2*b + 11. Let k(n) = -7*o(n) - 3*y(n). What is k(7)?
-5
Let s = -60 + 59. Suppose 3*r = r. Let i(y) = r*y**2 + 2*y**3 - y**2 + 1 - 3*y**3. Determine i(s).
1
Suppose 2*q - 2*p = p - 6, -5*p = 0. Let n(w) = 5*w**3 - 4*w**2 - w - 6. Let u(l) = -2*l**3 + 2*l**2 + 3. Let b(a) = -3*n(a) - 7*u(a). Determine b(q).
-3
Suppose 8*g - 15 = 3*g. Let a(t) = t**3 - 2*t**2 + t - 4. What is a(g)?
8
Let z = 33 - 14. Suppose z = -0*l - l - 4*g, 5*l + 4*g + 15 = 0. Let m(v) = v**3 - 2*v**2 + 2*v - 1. Give m(l).
0
Suppose -63*f = -67*f + 12. Suppose 0 = -n - 2 + 4. Let d be 8/f + n/(-3). Let x(p) = -4*p. Calculate x(d).
-8
Let s be 2*3/(12/10). Let r = -7 + s. Let d(j) = -4*j - 1. What is d(r)?
7
Let q(h) be the third derivative of -h**6/40 - h**5/30 + h**3/6 - h**2. Let x = -48 - -28. Let j = x + 19. What is q(j)?
2
Let g(j) = 4*j + 2. Suppose 4*m = -0*m - 12. Calculate g(m).
-10
Let y(d) = -1. Let j(s) = 7*s**3 + s + 5. Let k(u) = j(u) + 6*y(u). Give k(1).
7
Suppose -5*y = -0*y - 100. Suppose -5*b + 6*l + y = 2*l, 0 = -3*b + 5*l + 25. Let r(p) be the first derivative of -p**3/3 - 8*p + 2. Determine r(b).
-8
Suppose -3*u + 21 = -3*f, 3*u + 0*u - 11 = f. Let i = 8 + -2. Let k(c) = 4 - 4*c + 3 - i - c. What is k(u)?
-9
Let v(q) = -q**3 - 4*q**2 - q - 1. Let u = 28 + -19. Suppose 3*d - u = 6*d. Determine v(d).
-7
Let j(a) = -a**3 + a**2 + 8. Let v(l) = l**3 - 2*l**2 - l - 8. Let p(b) = -3*j(b) - 4*v(b). Calculate p(6).
-4
Let y(w) = 2*w**2 - 6 + 0*w**2 + 4 - w. Let s = 8 + -2. Suppose 2*t - s = -t. Determine y(t).
4
Let g(u) = 3*u - 5. Let f be g(1). Let z(w) = -w**3 + w**2 - 3*w - 1. Give z(f).
17
Let r(y) = 3*y - 1. Suppose -5 = 4*c + c, 5*p + c = -1. Let k be 1/(1 + p)*3. What is r(k)?
8
Let z(f) = f**3 - 3*f**2 - 3*f - 5. Let k(y) = -y**2 - 7*y. Let p(j) = j - 9. Let o be p(4). Let d be k(o). Let a = -6 + d. Determine z(a).
-1
Suppose -2*s - 14 = -4*k, -s + 4*k = -2*s - 1. Let a(m) = -2*m - 2. Determine a(s).
8
Suppose -k + 3*z + 21 = 3*k, -3*k - 2*z = -3. Let g(c) = -c**3 + 3*c**2 - 2. Calculate g(k).
-2
Let j be 3*7/(-42)*-10. Let a(y) be the third derivative of y**6/120 - y**5/10 + 7*y**4/24 - 7*y**3/6 - y**2. What is a(j)?
3
Let f(j) be the second derivative of 1/2*j**2 + 0 - 1/3*j**3 + j. Suppose -26 + 0 = 26*n. Give f(n).
3
Let o(j) be the third derivative of -j**4/12 - j**3/6 + 2*j**2. Let n = -13 + 14. Give o(n).
-3
Let v = 4 - 3. Let w be 3 - 0 - (1 + 0). Let a(d) = -2*d**3 + 3 - 3 + 2*d**w - d. Give a(v).
-1
Let i = 3 + -3. Let k(g) = g - 1. Let d be k(i). Let r(b) be the third derivative of -b**4/24 - b**3/6 + 2*b**2. Calculate r(d).
0
Let s be 1*(3 + 0/2). Let x be (s - 0) + (9 - 14). Let w(m) = 2*m**2 + 3*m + 3. Calculate w(x).
5
Let j(l) = -2*l + 5 + 2 - 3. Let b be 1/(-2) + 27/6. Suppose -b*m - 5 = 3*s, s = -s + 2*m + 20. Calculate j(s).
-6
Let r(b) = -b**2 + 6*b - 4. Suppose 0 = -3*g - 2 + 17. What is r(g)?
1
Let s be (-7)/3*(1 + -4). Let y be 4/6 - s/(-3). Suppose -3*a - 2*v - 11 = 2*v, y*v + 12 = -a. Let w(z) = -z**2 + 4*z - 4. Give w(a).
-1
Let h(d) = -d**3 + 3*d**2 + 3*d - 1. Suppose -i + 6 = 2. Suppose -2*k - q = -8, i*k - 5*q = -0*k + 16. Determine h(k).
-5
Let t(p) be the first derivative of p**4/2 - p**3/3 - p**2/2 - p - 7. Determine t(-1).
